common divisor of 4806 and 2848?
178
Calculate the greatest common factor of 153 and 204.
51
What is the highest common divisor of 612 and 136?
68
Calculate the greatest common divisor of 63 and 777.
21
What is the highest common divisor of 252 and 462?
42
Calculate the greatest common divisor of 194 and 24638.
194
Calculate the highest common divisor of 35 and 840.
35
What is the highest common factor of 342 and 38?
38
Calculate the highest common divisor of 16 and 1352.
8
What is the greatest common divisor of 372 and 108?
12
Calculate the highest common factor of 498 and 415.
83
Calculate the greatest common divisor of 66 and 22605.
33
What is the highest common divisor of 299 and 46?
23
What is the highest common factor of 365 and 360?
5
What is the highest common factor of 52 and 1664?
52
What is the greatest common divisor of 680 and 80?
40
What is the highest common divisor of 111 and 4699?
37
Calculate the highest common divisor of 28 and 196.
28
What is the greatest common divisor of 104 and 117?
13
Calculate the highest common factor of 8 and 376.
8
Calculate the greatest common divisor of 9522 and 1449.
207
Calculate the highest common divisor of 59 and 2419.
59
What is the highest common factor of 901 and 17?
17
Calculate the greatest common factor of 68 and 1207.
17
Calculate the highest common divisor of 8900 and 100.
100
Calculate the greatest common divisor of 44 and 45716.
44
What is the greatest common factor of 62 and 4278?
62
What is the highest common factor of 1088 and 24?
8
What is the greatest common factor of 26 and 2977?
13
Calculate the highest common factor of 2392 and 552.
184
Calculate the greatest common divisor of 23 and 2.
1
What is the greatest common divisor of 2 and 3?
1
What is the greatest common factor of 2048 and 32?
32
What is the greatest common factor of 162 and 81?
81
What is the highest common divisor of 27 and 27?
27
Calculate the greatest common divisor of 20 and 830.
10
Calculate the highest common divisor of 252 and 1575.
63
What is the greatest common divisor of 134 and 201?
67
What is the greatest common factor of 528 and 11?
11
Calculate the highest common divisor of 148 and 31228.
148
Calculate the highest common factor of 608 and 14744.
152
What is the highest common factor of 52 and 338?
26
What is the greatest common divisor of 22072 and 31?
31
What is the highest common factor of 54 and 36?
18
What is the greatest common factor of 46 and 1242?
46
Calculate the highest common divisor of 80 and 2160.
80
Calculate the highest common factor of 36 and 196.
4
What is the highest common factor of 1040 and 64?
16
What is the highest common divisor of 4769 and 753?
251
What is the greatest common factor of 165 and 40?
5
Calculate the greatest common divisor of 2407 and 1334.
29
What is the greatest common divisor of 128 and 108?
4
What is the greatest common divisor of 1748 and 133?
19
What is the greatest common divisor of 352 and 22?
22
What is the highest common divisor of 18 and 1518?
6
Calculate the greatest common divisor of 286 and 182.
26
What is the greatest common factor of 11 and 737?
11
Calculate the highest common factor of 855 and 1045.
95
What is the greatest common divisor of 1530 and 2?
2
Calculate the highest common divisor of 2233 and 1218.
203
What is the greatest common factor of 72 and 228?
12
Calculate the greatest common factor of 9 and 63.
9
Calculate the greatest common factor of 6 and 98.
2
What is the greatest common divisor of 28 and 273?
7
Calculate the greatest common divisor of 96 and 22368.
96
Calculate the highest common factor of 276 and 966.
138
Calculate the greatest common divisor of 57 and 21.
3
What is the highest common factor of 4200 and 30?
30
Calculate the highest common factor of 6222 and 68.
34
What is the greatest common divisor of 240 and 5136?
48
Calculate the highest common factor of 26 and 208.
26
Calculate the highest common factor of 405 and 5.
5
What is the greatest common divisor of 49 and 4753?
49
Calculate the greatest common factor of 20 and 9260.
20
What is the highest common factor of 11 and 1?
1
Calculate the highest common factor of 40 and 1850.
10
Calculate the greatest common factor of 1271 and 123.
41
What is the greatest common divisor of 245 and 392?
49
Calculate the highest common divisor of 48 and 1668.
12
What is the highest common divisor of 22 and 264?
22
What is the greatest common divisor of 690 and 30?
30
What is the greatest common divisor of 342 and 18?
18
What is the greatest common factor of 84 and 5064?
12
What is the highest common factor of 160 and 1504?
32
What is the greatest common factor of 160 and 5?
5
What is the greatest common factor of 3772 and 1288?
92
What is the highest common factor of 88 and 154?
22
What is the highest common divisor of 26 and 481?
13
Calculate the highest common factor of 7620 and 60.
60
What is the greatest common divisor of 6 and 174?
6
Calculate the greatest common divisor of 248 and 2914.
62
What is the highest common factor of 28 and 448?
28
Calculate the greatest common factor of 460 and 400.
20
Calculate the greatest common factor of 36 and 2826.
18
What is the greatest common divisor of 2414 and 284?
142
Calculate the greatest common divisor of 102 and 19584.
102
What is the highest common factor of 8 and 3656?
8
What is the highest common factor of 1944 and 32?
8
What is the highest common factor of 3082 and 268?
134
Calculate the greatest common divisor of 99 and 44.
11
What is the highest common divisor of 1985 and 5?
5
What is the greatest common factor of 5400 and 3450?
150
What is the greatest common factor of 55 and 3245?
55
What is the highest common divisor of 406 and 7?
7
What is the highest common factor of 32 and 2528?
32
Calculate the greatest common factor of 921 and 2456.
307
Calculate the greatest common factor of 52 and 962.
26
What is the greatest common divisor of 12 and 1332?
12
What is the greatest common divisor of 351 and 5373?
27
What is the highest common divisor of 255 and 153?
51
Calculate the highest common divisor of 10 and 830.
10
Calculate the highest common divisor of 558 and 4278.
186
Calculate the greatest common divisor of 234 and 36.
18
Calculate the greatest common factor of 132 and 44.
44
Calculate the greatest common divisor of 261 and 203.
29
What is the highest common divisor of 36 and 1278?
18
Calculate the greatest common factor of 118 and 3658.
118
What is the greatest common factor of 369 and 451?
41
What is the highest common divisor of 144 and 176?
16
Calculate the greatest common factor of 36 and 12.
12
What is the greatest common divisor of 880 and 130?
10
What is the highest common factor of 934 and 2?
2
Calculate the greatest common factor of 18 and 2400.
6
Calculate the highest common divisor of 114 and 5130.
114
Calculate the highest common divisor of 209 and 319.
11
Calculate the highest common factor of 150 and 3225.
75
Calculate the greatest common factor of 85 and 10.
5
What is the greatest common factor of 83 and 54199?
83
What is the greatest common factor of 85 and 544?
17
What is the greatest common divisor of 26 and 18?
2
What is the greatest common divisor of 129 and 3096?
129
Calculate the highest common factor of 95 and 5.
5
What is the highest common factor of 1800 and 175?
25
Calculate the greatest common divisor of 161 and 7.
7
Calculate the greatest common factor of 2 and 274.
2
What is the highest common factor of 400 and 10?
10
What is the greatest common factor of 2193 and 86?
43
What is the greatest common divisor of 34 and 34?
34
What is the highest common divisor of 15 and 90?
15
What is the highest common factor of 15 and 705?
15
Calculate the highest common divisor of 552 and 24.
24
What is the greatest common factor of 242 and 22?
22
What is the greatest common divisor of 29 and 232?
29
Calculate the highest common divisor of 273 and 84.
21
Calculate the highest common factor of 310 and 15.
5
Calculate the highest common divisor of 380 and 8284.
76
What is the greatest common divisor of 543 and 16471?
181
Calculate the greatest common divisor of 352 and 128.
32
Calculate the highest common factor of 28 and 938.
14
Calculate the highest common factor of 90 and 20.
10
What is the highest common di